{"id":75,"date":"2023-10-25T09:05:59","date_gmt":"2023-10-25T09:05:59","guid":{"rendered":"https:\/\/aepal.totweb.io\/?page_id=75"},"modified":"2023-11-10T09:43:46","modified_gmt":"2023-11-10T09:43:46","slug":"about","status":"publish","type":"page","link":"https:\/\/alats.eu\/?page_id=75","title":{"rendered":"Nosaltres"},"content":{"rendered":"\t\t<div data-elementor-type=\"wp-page\" data-elementor-id=\"75\" class=\"elementor elementor-75\" data-elementor-post-type=\"page\">\n\t\t\t\t\t\t\t<div class=\"elementor-element elementor-element-23bfdf8d e-con-full e-flex e-con e-parent\" data-id=\"23bfdf8d\" data-element_type=\"container\" data-settings=\"{&quot;content_width&quot;:&quot;full&quot;}\" data-core-v316-plus=\"true\">\n\t\t<div class=\"elementor-element elementor-element-79635b6b e-con-full e-flex e-con e-child\" data-id=\"79635b6b\" data-element_type=\"container\" data-settings=\"{&quot;background_background&quot;:&quot;classic&quot;,&quot;content_width&quot;:&quot;full&quot;}\">\n\t\t\t\t<div class=\"elementor-element elementor-element-45efb15 elementor-widget elementor-widget-image\" data-id=\"45efb15\" data-element_type=\"widget\" data-widget_type=\"image.default\">\n\t\t\t\t<div class=\"elementor-widget-container\">\n\t\t\t<style>\/*! elementor - v3.18.0 - 20-12-2023 *\/\n.elementor-widget-image{text-align:center}.elementor-widget-image a{display:inline-block}.elementor-widget-image a img[src$=\".svg\"]{width:48px}.elementor-widget-image img{vertical-align:middle;display:inline-block}<\/style>\t\t\t\t\t\t\t\t\t\t\t\t<img fetchpriority=\"high\" decoding=\"async\" width=\"800\" height=\"492\" src=\"https:\/\/alats.eu\/wp-content\/uploads\/2023\/10\/nosaltres-1024x630.webp\" class=\"attachment-large size-large wp-image-173\" alt=\"\" srcset=\"https:\/\/alats.eu\/wp-content\/uploads\/2023\/10\/nosaltres-1024x630.webp 1024w, https:\/\/alats.eu\/wp-content\/uploads\/2023\/10\/nosaltres-300x185.webp 300w, https:\/\/alats.eu\/wp-content\/uploads\/2023\/10\/nosaltres-768x473.webp 768w, https:\/\/alats.eu\/wp-content\/uploads\/2023\/10\/nosaltres.webp 1500w\" sizes=\"(max-width: 800px) 100vw, 800px\" \/>\t\t\t\t\t\t\t\t\t\t\t\t\t\t\t<\/div>\n\t\t\t\t<\/div>\n\t\t\t\t<\/div>\n\t\t<div class=\"elementor-element elementor-element-b3febfc e-con-full e-flex e-con e-child\" data-id=\"b3febfc\" data-element_type=\"container\" data-settings=\"{&quot;content_width&quot;:&quot;full&quot;}\">\n\t\t\t\t<div class=\"elementor-element elementor-element-2081fa83 elementor-widget elementor-widget-heading\" data-id=\"2081fa83\" data-element_type=\"widget\" data-widget_type=\"heading.default\">\n\t\t\t\t<div class=\"elementor-widget-container\">\n\t\t\t<style>\/*! elementor - v3.18.0 - 20-12-2023 *\/\n.elementor-heading-title{padding:0;margin:0;line-height:1}.elementor-widget-heading .elementor-heading-title[class*=elementor-size-]>a{color:inherit;font-size:inherit;line-height:inherit}.elementor-widget-heading .elementor-heading-title.elementor-size-small{font-size:15px}.elementor-widget-heading .elementor-heading-title.elementor-size-medium{font-size:19px}.elementor-widget-heading .elementor-heading-title.elementor-size-large{font-size:29px}.elementor-widget-heading .elementor-heading-title.elementor-size-xl{font-size:39px}.elementor-widget-heading .elementor-heading-title.elementor-size-xxl{font-size:59px}<\/style><h1 class=\"elementor-heading-title elementor-size-default\">Nosaltres<\/h1>\t\t<\/div>\n\t\t\t\t<\/div>\n\t\t\t\t<div class=\"elementor-element elementor-element-1420eb3 elementor-widget elementor-widget-text-editor\" data-id=\"1420eb3\" data-element_type=\"widget\" data-widget_type=\"text-editor.default\">\n\t\t\t\t<div class=\"elementor-widget-container\">\n\t\t\t<style>\/*! elementor - v3.18.0 - 20-12-2023 *\/\n.elementor-widget-text-editor.elementor-drop-cap-view-stacked .elementor-drop-cap{background-color:#69727d;color:#fff}.elementor-widget-text-editor.elementor-drop-cap-view-framed .elementor-drop-cap{color:#69727d;border:3px solid;background-color:transparent}.elementor-widget-text-editor:not(.elementor-drop-cap-view-default) .elementor-drop-cap{margin-top:8px}.elementor-widget-text-editor:not(.elementor-drop-cap-view-default) .elementor-drop-cap-letter{width:1em;height:1em}.elementor-widget-text-editor .elementor-drop-cap{float:left;text-align:center;line-height:1;font-size:50px}.elementor-widget-text-editor .elementor-drop-cap-letter{display:inline-block}<\/style>\t\t\t\t<p><strong>Alats Club Esportiu,<\/strong>\u00a0\u00e9s una associaci\u00f3 de pilots que desenvolupa la seva activitat al camp de vol de Bellvei, amb un objectiu com\u00fa, la passi\u00f3 per el vol amb\u00a0ultralleugers i de vegades no tant ultralleugers&#8230;<\/p><p>En cada jornada de vol al camp de vol de Bellvei, compartim les nostres experi\u00e8ncies, an\u00e8cdotes, viatges i coneixements que fan enriquir la nostra afici\u00f3, d&#8217;aquesta manera tots nosaltres com a persones tamb\u00e9 ho fem. Aficionats, pilots novells, alumnes i veterans cada dia aprenem per compartir-ho sence l\u00ecmits amb aquesta gran familia.<\/p><p>Tamb\u00e9 tenim una junta directiva que intenta gestionar els recursos de tot tipus que anem adquirint i fer que aquest aeroclub creixi dia a dia, amb millores globals i beneficis socials a l&#8217;abast de tots.\u00a0<\/p>\t\t\t\t\t\t<\/div>\n\t\t\t\t<\/div>\n\t\t\t\t<\/div>\n\t\t\t\t<\/div>\n\t\t<div class=\"elementor-element elementor-element-6e9d947b e-flex e-con-boxed e-con e-parent\" data-id=\"6e9d947b\" data-element_type=\"container\" data-settings=\"{&quot;content_width&quot;:&quot;boxed&quot;}\" data-core-v316-plus=\"true\">\n\t\t\t\t\t<div class=\"e-con-inner\">\n\t\t\t\t<div class=\"elementor-element elementor-element-3b3c28bf elementor-widget elementor-widget-heading\" data-id=\"3b3c28bf\" data-element_type=\"widget\" data-widget_type=\"heading.default\">\n\t\t\t\t<div class=\"elementor-widget-container\">\n\t\t\t<h2 class=\"elementor-heading-title elementor-size-default\">Junta directiva<\/h2>\t\t<\/div>\n\t\t\t\t<\/div>\n\t\t<div class=\"elementor-element elementor-element-1103bdf9 e-con-full e-flex e-con e-child\" data-id=\"1103bdf9\" data-element_type=\"container\" data-settings=\"{&quot;content_width&quot;:&quot;full&quot;}\">\n\t\t\t\t<div class=\"elementor-element elementor-element-38035967 elementor-widget__width-initial elementor-widget-mobile__width-inherit elementor-position-top elementor-widget elementor-widget-image-box\" data-id=\"38035967\" data-element_type=\"widget\" data-widget_type=\"image-box.default\">\n\t\t\t\t<div class=\"elementor-widget-container\">\n\t\t\t<style>\/*! elementor - v3.18.0 - 20-12-2023 *\/\n.elementor-widget-image-box .elementor-image-box-content{width:100%}@media (min-width:768px){.elementor-widget-image-box.elementor-position-left .elementor-image-box-wrapper,.elementor-widget-image-box.elementor-position-right .elementor-image-box-wrapper{display:flex}.elementor-widget-image-box.elementor-position-right .elementor-image-box-wrapper{text-align:right;flex-direction:row-reverse}.elementor-widget-image-box.elementor-position-left .elementor-image-box-wrapper{text-align:left;flex-direction:row}.elementor-widget-image-box.elementor-position-top .elementor-image-box-img{margin:auto}.elementor-widget-image-box.elementor-vertical-align-top .elementor-image-box-wrapper{align-items:flex-start}.elementor-widget-image-box.elementor-vertical-align-middle .elementor-image-box-wrapper{align-items:center}.elementor-widget-image-box.elementor-vertical-align-bottom .elementor-image-box-wrapper{align-items:flex-end}}@media (max-width:767px){.elementor-widget-image-box .elementor-image-box-img{margin-left:auto!important;margin-right:auto!important;margin-bottom:15px}}.elementor-widget-image-box .elementor-image-box-img{display:inline-block}.elementor-widget-image-box .elementor-image-box-title a{color:inherit}.elementor-widget-image-box .elementor-image-box-wrapper{text-align:center}.elementor-widget-image-box .elementor-image-box-description{margin:0}<\/style><div class=\"elementor-image-box-wrapper\"><figure class=\"elementor-image-box-img\"><img decoding=\"async\" width=\"2560\" height=\"1920\" src=\"https:\/\/alats.eu\/wp-content\/uploads\/2023\/11\/31-12-2022-vol-scaled.jpg\" class=\"elementor-animation-grow attachment-full size-full wp-image-393\" alt=\"\" srcset=\"https:\/\/alats.eu\/wp-content\/uploads\/2023\/11\/31-12-2022-vol-scaled.jpg 2560w, https:\/\/alats.eu\/wp-content\/uploads\/2023\/11\/31-12-2022-vol-300x225.jpg 300w, https:\/\/alats.eu\/wp-content\/uploads\/2023\/11\/31-12-2022-vol-1024x768.jpg 1024w, https:\/\/alats.eu\/wp-content\/uploads\/2023\/11\/31-12-2022-vol-768x576.jpg 768w, https:\/\/alats.eu\/wp-content\/uploads\/2023\/11\/31-12-2022-vol-1536x1152.jpg 1536w, https:\/\/alats.eu\/wp-content\/uploads\/2023\/11\/31-12-2022-vol-2048x1536.jpg 2048w\" sizes=\"(max-width: 2560px) 100vw, 2560px\" \/><\/figure><div class=\"elementor-image-box-content\"><h4 class=\"elementor-image-box-title\">Antonio Pinedo L\u00e1zaro - President<\/h4><p class=\"elementor-image-box-description\">Revisant que la tripulaci\u00f3 estigui al complet.\n<\/p><\/div><\/div>\t\t<\/div>\n\t\t\t\t<\/div>\n\t\t\t\t<div class=\"elementor-element elementor-element-b9b38a4 elementor-widget__width-initial elementor-widget-mobile__width-inherit elementor-position-top elementor-widget elementor-widget-image-box\" data-id=\"b9b38a4\" data-element_type=\"widget\" data-widget_type=\"image-box.default\">\n\t\t\t\t<div class=\"elementor-widget-container\">\n\t\t\t<div class=\"elementor-image-box-wrapper\"><figure class=\"elementor-image-box-img\"><img decoding=\"async\" width=\"512\" height=\"512\" src=\"https:\/\/alats.eu\/wp-content\/uploads\/2023\/11\/usuario.png\" class=\"elementor-animation-grow attachment-full size-full wp-image-379\" alt=\"\" srcset=\"https:\/\/alats.eu\/wp-content\/uploads\/2023\/11\/usuario.png 512w, https:\/\/alats.eu\/wp-content\/uploads\/2023\/11\/usuario-300x300.png 300w, https:\/\/alats.eu\/wp-content\/uploads\/2023\/11\/usuario-150x150.png 150w\" sizes=\"(max-width: 512px) 100vw, 512px\" \/><\/figure><div class=\"elementor-image-box-content\"><h4 class=\"elementor-image-box-title\">Quim Rodriguez Fatsini - Secretari<\/h4><p class=\"elementor-image-box-description\">Al corrent del check-in i el check-out.<\/p><\/div><\/div>\t\t<\/div>\n\t\t\t\t<\/div>\n\t\t\t\t<div class=\"elementor-element elementor-element-0c2b84a elementor-widget__width-initial elementor-widget-mobile__width-inherit elementor-position-top elementor-widget elementor-widget-image-box\" data-id=\"0c2b84a\" data-element_type=\"widget\" data-widget_type=\"image-box.default\">\n\t\t\t\t<div class=\"elementor-widget-container\">\n\t\t\t<div class=\"elementor-image-box-wrapper\"><figure class=\"elementor-image-box-img\"><img decoding=\"async\" width=\"512\" height=\"512\" src=\"https:\/\/alats.eu\/wp-content\/uploads\/2023\/11\/usuario.png\" class=\"elementor-animation-grow attachment-full size-full wp-image-379\" alt=\"\" srcset=\"https:\/\/alats.eu\/wp-content\/uploads\/2023\/11\/usuario.png 512w, https:\/\/alats.eu\/wp-content\/uploads\/2023\/11\/usuario-300x300.png 300w, https:\/\/alats.eu\/wp-content\/uploads\/2023\/11\/usuario-150x150.png 150w\" sizes=\"(max-width: 512px) 100vw, 512px\" \/><\/figure><div class=\"elementor-image-box-content\"><h4 class=\"elementor-image-box-title\">Teofilo-Miquel Gibert Bertran - tresorer<\/h4><p class=\"elementor-image-box-description\">Sempre buscant l'altitud de creuer.<\/p><\/div><\/div>\t\t<\/div>\n\t\t\t\t<\/div>\n\t\t\t\t<div class=\"elementor-element elementor-element-5b9b5e2 elementor-widget__width-initial elementor-widget-mobile__width-inherit elementor-position-top elementor-widget elementor-widget-image-box\" data-id=\"5b9b5e2\" data-element_type=\"widget\" data-widget_type=\"image-box.default\">\n\t\t\t\t<div class=\"elementor-widget-container\">\n\t\t\t<div class=\"elementor-image-box-wrapper\"><figure class=\"elementor-image-box-img\"><img decoding=\"async\" width=\"512\" height=\"512\" src=\"https:\/\/alats.eu\/wp-content\/uploads\/2023\/11\/usuario.png\" class=\"elementor-animation-grow attachment-full size-full wp-image-379\" alt=\"\" srcset=\"https:\/\/alats.eu\/wp-content\/uploads\/2023\/11\/usuario.png 512w, https:\/\/alats.eu\/wp-content\/uploads\/2023\/11\/usuario-300x300.png 300w, https:\/\/alats.eu\/wp-content\/uploads\/2023\/11\/usuario-150x150.png 150w\" sizes=\"(max-width: 512px) 100vw, 512px\" \/><\/figure><div class=\"elementor-image-box-content\"><h4 class=\"elementor-image-box-title\">Eusebi Mayoral Ingles - Vocal<\/h4><p class=\"elementor-image-box-description\">Pendent del meteo per evitar turbul\u00e8ncies.<\/p><\/div><\/div>\t\t<\/div>\n\t\t\t\t<\/div>\n\t\t\t\t<\/div>\n\t\t<div class=\"elementor-element elementor-element-51921c7 e-con-full e-flex e-con e-child\" data-id=\"51921c7\" data-element_type=\"container\" data-settings=\"{&quot;content_width&quot;:&quot;full&quot;}\">\n\t\t\t\t<div class=\"elementor-element elementor-element-92d00ce elementor-widget__width-initial elementor-widget-mobile__width-inherit elementor-position-top elementor-widget elementor-widget-image-box\" data-id=\"92d00ce\" data-element_type=\"widget\" data-widget_type=\"image-box.default\">\n\t\t\t\t<div class=\"elementor-widget-container\">\n\t\t\t<div class=\"elementor-image-box-wrapper\"><figure class=\"elementor-image-box-img\"><img decoding=\"async\" width=\"512\" height=\"512\" src=\"https:\/\/alats.eu\/wp-content\/uploads\/2023\/11\/usuario.png\" class=\"elementor-animation-grow attachment-full size-full wp-image-379\" alt=\"\" srcset=\"https:\/\/alats.eu\/wp-content\/uploads\/2023\/11\/usuario.png 512w, https:\/\/alats.eu\/wp-content\/uploads\/2023\/11\/usuario-300x300.png 300w, https:\/\/alats.eu\/wp-content\/uploads\/2023\/11\/usuario-150x150.png 150w\" sizes=\"(max-width: 512px) 100vw, 512px\" \/><\/figure><div class=\"elementor-image-box-content\"><h4 class=\"elementor-image-box-title\">Ramon Brunet Rotella - Vocal<\/h4><p class=\"elementor-image-box-description\">Sempre amb l'ull posat als estabilitzadors.\n<\/p><\/div><\/div>\t\t<\/div>\n\t\t\t\t<\/div>\n\t\t\t\t<div class=\"elementor-element elementor-element-9d2d58b elementor-widget__width-initial elementor-widget-mobile__width-inherit elementor-position-top elementor-widget elementor-widget-image-box\" data-id=\"9d2d58b\" data-element_type=\"widget\" data-widget_type=\"image-box.default\">\n\t\t\t\t<div class=\"elementor-widget-container\">\n\t\t\t<div class=\"elementor-image-box-wrapper\"><figure class=\"elementor-image-box-img\"><img decoding=\"async\" width=\"512\" height=\"512\" src=\"https:\/\/alats.eu\/wp-content\/uploads\/2023\/11\/usuario.png\" class=\"elementor-animation-grow attachment-full size-full wp-image-379\" alt=\"\" srcset=\"https:\/\/alats.eu\/wp-content\/uploads\/2023\/11\/usuario.png 512w, https:\/\/alats.eu\/wp-content\/uploads\/2023\/11\/usuario-300x300.png 300w, https:\/\/alats.eu\/wp-content\/uploads\/2023\/11\/usuario-150x150.png 150w\" sizes=\"(max-width: 512px) 100vw, 512px\" \/><\/figure><div class=\"elementor-image-box-content\"><h4 class=\"elementor-image-box-title\">Ulrich Reiner Thein - Vocal<\/h4><p class=\"elementor-image-box-description\">A punt per agafar el tim\u00f3.<\/p><\/div><\/div>\t\t<\/div>\n\t\t\t\t<\/div>\n\t\t\t\t<div class=\"elementor-element elementor-element-824ebf1 elementor-widget__width-initial elementor-widget-mobile__width-inherit elementor-position-top elementor-widget elementor-widget-image-box\" data-id=\"824ebf1\" data-element_type=\"widget\" data-widget_type=\"image-box.default\">\n\t\t\t\t<div class=\"elementor-widget-container\">\n\t\t\t<div class=\"elementor-image-box-wrapper\"><figure class=\"elementor-image-box-img\"><img decoding=\"async\" width=\"512\" height=\"512\" src=\"https:\/\/alats.eu\/wp-content\/uploads\/2023\/11\/usuario.png\" class=\"elementor-animation-grow attachment-full size-full wp-image-379\" alt=\"\" srcset=\"https:\/\/alats.eu\/wp-content\/uploads\/2023\/11\/usuario.png 512w, https:\/\/alats.eu\/wp-content\/uploads\/2023\/11\/usuario-300x300.png 300w, https:\/\/alats.eu\/wp-content\/uploads\/2023\/11\/usuario-150x150.png 150w\" sizes=\"(max-width: 512px) 100vw, 512px\" \/><\/figure><div class=\"elementor-image-box-content\"><h4 class=\"elementor-image-box-title\">Omar Bolivar Lavari - Vocal<\/h4><p class=\"elementor-image-box-description\">Si no el trobes busca`l a la cabina.<\/p><\/div><\/div>\t\t<\/div>\n\t\t\t\t<\/div>\n\t\t\t\t<div class=\"elementor-element elementor-element-b4c9f75 elementor-widget__width-initial elementor-widget-mobile__width-inherit elementor-position-top elementor-widget elementor-widget-image-box\" data-id=\"b4c9f75\" data-element_type=\"widget\" data-widget_type=\"image-box.default\">\n\t\t\t\t<div class=\"elementor-widget-container\">\n\t\t\t<div class=\"elementor-image-box-wrapper\"><figure class=\"elementor-image-box-img\"><img loading=\"lazy\" decoding=\"async\" width=\"1362\" height=\"1362\" src=\"https:\/\/alats.eu\/wp-content\/uploads\/2023\/10\/aeronau.webp\" class=\"elementor-animation-grow attachment-full size-full wp-image-302\" alt=\"\" srcset=\"https:\/\/alats.eu\/wp-content\/uploads\/2023\/10\/aeronau.webp 1362w, https:\/\/alats.eu\/wp-content\/uploads\/2023\/10\/aeronau-300x300.webp 300w, https:\/\/alats.eu\/wp-content\/uploads\/2023\/10\/aeronau-1024x1024.webp 1024w, https:\/\/alats.eu\/wp-content\/uploads\/2023\/10\/aeronau-150x150.webp 150w, https:\/\/alats.eu\/wp-content\/uploads\/2023\/10\/aeronau-768x768.webp 768w\" sizes=\"(max-width: 1362px) 100vw, 1362px\" \/><\/figure><div class=\"elementor-image-box-content\"><h4 class=\"elementor-image-box-title\">Aeronau ...<\/h4><p class=\"elementor-image-box-description\">El perqu\u00e8 de les coses.<\/p><\/div><\/div>\t\t<\/div>\n\t\t\t\t<\/div>\n\t\t\t\t<\/div>\n\t\t\t\t<div class=\"elementor-element elementor-element-568235ee elementor-align-center elementor-widget-mobile__width-inherit elementor-invisible elementor-widget elementor-widget-button\" data-id=\"568235ee\" data-element_type=\"widget\" data-settings=\"{&quot;_animation&quot;:&quot;fadeInDown&quot;}\" data-widget_type=\"button.default\">\n\t\t\t\t<div class=\"elementor-widget-container\">\n\t\t\t\t\t<div class=\"elementor-button-wrapper\">\n\t\t\t<a class=\"elementor-button elementor-button-link elementor-size-sm\" href=\"https:\/\/alats.eu\/?page_id=43\">\n\t\t\t\t\t\t<span class=\"elementor-button-content-wrapper\">\n\t\t\t\t\t\t<span class=\"elementor-button-text\">contacta'ns<\/span>\n\t\t<\/span>\n\t\t\t\t\t<\/a>\n\t\t<\/div>\n\t\t\t\t<\/div>\n\t\t\t\t<\/div>\n\t\t\t\t\t<\/div>\n\t\t\t\t<\/div>\n\t\t\t\t\t\t\t<\/div>\n\t\t","protected":false},"excerpt":{"rendered":"<p>Nosaltres Alats Club Esportiu,\u00a0\u00e9s una associaci\u00f3 de pilots que desenvolupa la seva activitat al camp de vol de Bellvei, amb un objectiu com\u00fa, la passi\u00f3 per el vol amb\u00a0ultralleugers i de vegades no tant ultralleugers&#8230; En cada jornada de vol al camp de vol de Bellvei, compartim les nostres experi\u00e8ncies, an\u00e8cdotes, viatges i coneixements que [&hellip;]<\/p>\n","protected":false},"author":1,"featured_media":0,"parent":0,"menu_order":0,"comment_status":"closed","ping_status":"closed","template":"","meta":{"footnotes":""},"class_list":["post-75","page","type-page","status-publish","hentry"],"_links":{"self":[{"href":"https:\/\/alats.eu\/index.php?rest_route=\/wp\/v2\/pages\/75","targetHints":{"allow":["GET"]}}],"collection":[{"href":"https:\/\/alats.eu\/index.php?rest_route=\/wp\/v2\/pages"}],"about":[{"href":"https:\/\/alats.eu\/index.php?rest_route=\/wp\/v2\/types\/page"}],"author":[{"embeddable":true,"href":"https:\/\/alats.eu\/index.php?rest_route=\/wp\/v2\/users\/1"}],"replies":[{"embeddable":true,"href":"https:\/\/alats.eu\/index.php?rest_route=%2Fwp%2Fv2%2Fcomments&post=75"}],"version-history":[{"count":39,"href":"https:\/\/alats.eu\/index.php?rest_route=\/wp\/v2\/pages\/75\/revisions"}],"predecessor-version":[{"id":402,"href":"https:\/\/alats.eu\/index.php?rest_route=\/wp\/v2\/pages\/75\/revisions\/402"}],"wp:attachment":[{"href":"https:\/\/alats.eu\/index.php?rest_route=%2Fwp%2Fv2%2Fmedia&parent=75"}],"curies":[{"name":"wp","href":"https:\/\/api.w.org\/{rel}","templated":true}]}}