{"id":335,"date":"2023-10-26T13:22:53","date_gmt":"2023-10-26T13:22:53","guid":{"rendered":"https:\/\/alats.totweb.io\/?page_id=335"},"modified":"2023-10-26T16:13:13","modified_gmt":"2023-10-26T16:13:13","slug":"avis-legal","status":"publish","type":"page","link":"https:\/\/alats.eu\/?page_id=335","title":{"rendered":"Av\u00eds Legal"},"content":{"rendered":"\t\t<div data-elementor-type=\"wp-page\" data-elementor-id=\"335\" class=\"elementor elementor-335\" data-elementor-post-type=\"page\">\n\t\t\t\t\t\t\t<div class=\"elementor-element elementor-element-31829d1c e-flex e-con-boxed e-con e-parent\" data-id=\"31829d1c\" data-element_type=\"container\" data-settings=\"{&quot;content_width&quot;:&quot;boxed&quot;}\" data-core-v316-plus=\"true\">\n\t\t\t\t\t<div class=\"e-con-inner\">\n\t\t<div class=\"elementor-element elementor-element-512bb7f1 e-con-full e-flex e-con e-child\" data-id=\"512bb7f1\" data-element_type=\"container\" data-settings=\"{&quot;content_width&quot;:&quot;full&quot;}\">\n\t\t\t\t<div class=\"elementor-element elementor-element-8b92c75 elementor-widget elementor-widget-text-editor\" data-id=\"8b92c75\" data-element_type=\"widget\" data-widget_type=\"text-editor.default\">\n\t\t\t\t<div class=\"elementor-widget-container\">\n\t\t\t<style>\/*! elementor - v3.18.0 - 20-12-2023 *\/\n.elementor-widget-text-editor.elementor-drop-cap-view-stacked .elementor-drop-cap{background-color:#69727d;color:#fff}.elementor-widget-text-editor.elementor-drop-cap-view-framed .elementor-drop-cap{color:#69727d;border:3px solid;background-color:transparent}.elementor-widget-text-editor:not(.elementor-drop-cap-view-default) .elementor-drop-cap{margin-top:8px}.elementor-widget-text-editor:not(.elementor-drop-cap-view-default) .elementor-drop-cap-letter{width:1em;height:1em}.elementor-widget-text-editor .elementor-drop-cap{float:left;text-align:center;line-height:1;font-size:50px}.elementor-widget-text-editor .elementor-drop-cap-letter{display:inline-block}<\/style>\t\t\t\t<p><span style=\"font-weight: 400;\">Dades identificatives<\/span><\/p><p><span style=\"font-weight: 400;\">En compliment amb el deure informaci\u00f3 recollit a l&#8217;article 10 de la Llei 34\/2002, d&#8217;11 de juliol, de Serveis de la Societat de la Informaci\u00f3 i del Comer\u00e7 Electr\u00f2nic, a continuaci\u00f3 es faciliten les dades seg\u00fcents:<\/span><\/p><p><span style=\"font-weight: 400;\">El titular de esta website es Alats Club Esportiu, con domicilio a Crta. Collblanc, 32 4at. 2a.08903 L&#8217;Hospitalet de Llobregat, amb n\u00famero de NIF: G65307332.. Correo electr\u00f3nico de contacto info@alats.eu<\/span><\/p><p><span style=\"font-weight: 400;\">La informaci\u00f3 continguda a www.alats.eu, constituye un servicio de informaci\u00f3n de los diversos servicios que ofrece Alats Club Esportiu (en adelante \u201cALATS\u201d) .<\/span><\/p><p><span style=\"font-weight: 400;\">Acceptaci\u00f3 de les condicions d\u00fas<\/span><\/p><p><span style=\"font-weight: 400;\">L&#8217;acc\u00e9s a la web www.alats.eu implica l&#8217;acceptaci\u00f3 de les condicions d&#8217;\u00fas que en cada moment estiguin vigents en aquesta Web.<\/span><\/p><p><span style=\"font-weight: 400;\">Propietat intel\u00b7lectual<\/span><\/p><p><span style=\"font-weight: 400;\">El codi font, els dissenys gr\u00e0fics, les imatges, les fotografies, les animacions, el programari, els textos, aix\u00ed com la informaci\u00f3 i continguts que es recullen a www.alats.eu estan protegits per la legislaci\u00f3 espanyola i la normativa de drets de propietat intel\u00b7lectual i industrial a favor dealats i no es permet la reproducci\u00f3, total o parcial, d&#8217;aquesta web, ni el seu tractament inform\u00e0tic, comunicaci\u00f3 p\u00fablica, distribuci\u00f3, difusi\u00f3, modificaci\u00f3, transformaci\u00f3 o descompilaci\u00f3, sense el perm\u00eds previ i per escrit del titular,alats de conformitat amb els articles 8 i 32 Llei de Propietat Intel\u00b7lectual.<\/span><\/p><p><span style=\"font-weight: 400;\">L&#8217;usuari, \u00fanicament i exclusivament podr\u00e0 utilitzar el material que aparegui en aquesta Web per a \u00fas personal i privat, quedant prohibida la seva utilitzaci\u00f3 amb fins comercials o per inc\u00f3rrer en activitats il\u00b7l\u00edcites. Tots els drets derivats de la propietat intel\u00b7lectual estan expressament reservats per ALATS.<\/span><\/p><p><span style=\"font-weight: 400;\">alats vetllar\u00e0 pel compliment de les condicions anteriors i pel correcte \u00fas dels continguts presentats al seu portal, exercint totes les accions civils i penals que li corresponguin en el cas d&#8217;infracci\u00f3 o incompliment d&#8217;aquests drets per part de l&#8217;usuari.<\/span><\/p><p><span style=\"font-weight: 400;\">Protecci\u00f3 de dades de car\u00e0cter personal<\/span><\/p><p><span style=\"font-weight: 400;\">L&#8217;acc\u00e9s a la p\u00e0gina web o la utilitzaci\u00f3 no implica una recollida de dades personals de l&#8217;usuari per part d&#8217;ALATS. Aix\u00f2 no obstant, es comunica que, en cas quealats sol\u00b7liciteu dades personals, s&#8217;informar\u00e0 degudament a l&#8217;usuari conforme s&#8217;estableix al Reglament General de Protecci\u00f3 de Dades i una altra normativa d&#8217;aplicaci\u00f3 relativa a la protecci\u00f3 de dades .<\/span><\/p><p><span style=\"font-weight: 400;\">Les dades personals que recullalats en els diferents tipus de formularis, seran tractats amb la finalitat de donar resposta a la sol\u00b7licitud realitzada per l&#8217;interessat, aix\u00ed com pel manteniment de la relaci\u00f3 que si s&#8217;escau, i la gesti\u00f3, administraci\u00f3, informaci\u00f3, prestaci\u00f3 i millora de els serveis que decideixi contractar.<\/span><\/p><p><span style=\"font-weight: 400;\">Per a una informaci\u00f3 m\u00e9s detallada sobre la Protecci\u00f3 de Dades, haureu d&#8217;accedir a la nostra \u201cPol\u00edtica de Privadesa\u201d.<\/span><\/p><p><span style=\"font-weight: 400;\">Alatsha pres les mesures de car\u00e0cter t\u00e8cnic i organitzatiu necess\u00e0ries per garantir la seguretat de les dades i evitar-ne l&#8217;alteraci\u00f3, p\u00e8rdua, tractament o acc\u00e9s no autoritzat, tenint en compte l&#8217;estat de la tecnologia, la naturalesa de les dades emmagatzemades i els riscos als que estan exposades, ja provinguin de l&#8217;acci\u00f3 humana o del medi f\u00edsic o natural.<\/span><\/p><p><span style=\"font-weight: 400;\">Dades a xarxes socials<\/span><\/p><p><span style=\"font-weight: 400;\">ALATS disposa de perfils a diferents xarxes socials, per tant hem d&#8217;advertir a l&#8217;usuari que totes aquelles dades que publiqui en aquests perfils seran vists per tots aquells usuaris que interactu\u00efn o consultin amb aquests perfils, tinguin aquests o no el seu propi perfil a la xarxa social, ja que tots els perfils dealats s\u00f3n p\u00fablics. En conseq\u00fc\u00e8ncia, tota la informaci\u00f3 i continguts publicats per l&#8217;usuari als perfils d&#8217;ALATS, ser\u00e0 objecte de comunicaci\u00f3 a la resta d&#8217;usuaris per la pr\u00f2pia naturalesa del servei. Us recomanem que consulteu les Pol\u00edtiques de Privadesa de les xarxes socials abans d&#8217;utilitzar aquests serveis.<\/span><\/p><p><span style=\"font-weight: 400;\">En cas que l&#8217;usuari envi\u00ef informaci\u00f3 de qualsevol tipus a ALATS, sobretot en el cas de dades de tercers, a trav\u00e9s de les xarxes socials, aquest declara i garanteix que est\u00e0 legitimat a enviar aquesta informaci\u00f3 i que no infringeix cap dret de propietat intel\u00b7lectual, de marca, de patent, secret comercial, o qualsevol altre dret de tercer, que la informaci\u00f3 no t\u00e9 car\u00e0cter confidencial i que no fa malb\u00e9 o of\u00e8n tercers.<\/span><\/p><p><span style=\"font-weight: 400;\">alats nom\u00e9s \u00e9s responsable i garanteix la confidencialitat, seguretat i tractament de les dades conforme a la legislaci\u00f3 vigent, respecte a les dades recollides directament de l&#8217;usuari, no tenint cap tipus de responsabilitat respecte als tractaments i usos posteriors que la xarxa social pogu\u00e9s efectuar.<\/span><\/p><p><span style=\"font-weight: 400;\">Limitaci\u00f3 de responsabilitat<\/span><\/p><p><span style=\"font-weight: 400;\">alats no es responsabilitza dels possibles danys o perjudicis que puguin succeir com a conseq\u00fc\u00e8ncia de l&#8217;\u00fas dels continguts de la Web, sent de responsabilitat exclusiva de l&#8217;usuari que hi accedeixi.<\/span><\/p><p><span style=\"font-weight: 400;\">En el mateix sentit,alats no es responsabilitza dels possibles perjudicis que es puguin derivar de l&#8217;\u00fas d&#8217;una versi\u00f3 no actualitzada o defectuosa del navegador, d&#8217;interrupcions en la connexi\u00f3 que es produeixin durant la transmissi\u00f3 de dades, virus inform\u00e0tics, avaries o desconnexions en el funcionament del sistema telem\u00e0tic, de bloquejos causats per defici\u00e8ncies o sobrec\u00e0rregues de l\u00ednies telef\u00f2niques, aix\u00ed com de danys provocats per terceres persones mitjan\u00e7ant intromissions no autoritzades.<\/span><\/p><p><span style=\"font-weight: 400;\">La Web dealats cont\u00e9 enlla\u00e7os a altres p\u00e0gines web que puguin ser interessants per als usuaris.alats no assumeix cap responsabilitat sobre aquests enlla\u00e7os, no podent garantir el compliment de pol\u00edtiques de privadesa adequades, per la qual cosa l&#8217;usuari accedeix al contingut de les referides p\u00e0gines Web en les condicions d&#8217;\u00fas que es fixin en aquestes i sota la seva exclusiva responsabilitat.<\/span><\/p><p><span style=\"font-weight: 400;\">alats no es fa responsable de l&#8217;incompliment de qualsevol norma aplicable en qu\u00e8 pugui inc\u00f3rrer l&#8217;usuari en accedir al web www.alats.eu i\/o en l&#8217;\u00fas de les informacions que cont\u00e9.<\/span><\/p><p><span style=\"font-weight: 400;\">alats es reserva el dret a interrompre o denegar discrecionalment, en qualsevol moment i sense necessitat de previ av\u00eds, l&#8217;acc\u00e9s de qualsevol usuari als continguts d&#8217;acc\u00e9s restringit, quan hi concorrin algunes de les circumst\u00e0ncies descrites.<\/span><\/p><p><span style=\"font-weight: 400;\">Enlla\u00e7os<\/span><\/p><p><span style=\"font-weight: 400;\">Tots els enlla\u00e7os o links, hipertextual, framing o qualsevol altre tipus de connexi\u00f3 virtual a trav\u00e9s de xarxes de telecomunicaci\u00f3 des de qualsevol web a la nostra p\u00e0gina web, haur\u00e0 de ser sol\u00b7licitada i autoritzada pr\u00e8viament i per escrit per ALATS, i si no n&#8217;hi ha, els enlla\u00e7os que s&#8217;estableixin en aquesta web, hauran de fer-se a la p\u00e0gina d&#8217;inici.<\/span><\/p><p><span style=\"font-weight: 400;\">Els enlla\u00e7os que es realitzin a p\u00e0gines web de tercers tenen \u00fanicament una finalitat orientativa, i l&#8217;objecte \u00e9s posar a disposici\u00f3 de l&#8217;usuari altres fonts d&#8217;informaci\u00f3 que puguin ser del seu inter\u00e8s.<\/span><\/p><p><span style=\"font-weight: 400;\">alats procura revisar peri\u00f2dicament el contingut dels seus links. Tot i aix\u00f2, \u00e9s impossible con\u00e8ixer en tot moment el contingut concret dels enlla\u00e7os proposats. Per aquest motiu sol\u00b7licitem la col\u00b7laboraci\u00f3 de qualsevol usuari que accedeixi als referits continguts en cas que aquests poguessin ser contraris a la legalitat vigent, moral o ordre p\u00fablic, informant-nos a trav\u00e9s del seg\u00fcent correu electr\u00f2nic info@alats.eu<\/span><\/p><p><span style=\"font-weight: 400;\">Responsabilitat<\/span><\/p><p><span style=\"font-weight: 400;\">En definitiva, l&#8217;usuari \u00e9s l&#8217;\u00fanic responsable de l&#8217;\u00fas que faci dels serveis, continguts, enlla\u00e7os (links) i hipertextos inclosos a la web www.alats.eu.<\/span><\/p><p><span style=\"font-weight: 400;\">Pol\u00edtica de privadesa<\/span><\/p><p><span style=\"font-weight: 400;\">Les dades de car\u00e0cter personal aconseguides mitjan\u00e7ant els diferents formularis de registre estan subjectes als terminis recollits a la nostra Pol\u00edtica de Privadesa.<\/span><\/p><p><span style=\"font-weight: 400;\">Reserva<\/span><\/p><p><span style=\"font-weight: 400;\">alats es reserva la facultat en tot moment, sense necessitat de previ av\u00eds, d&#8217;efectuar modificacions i actualitzacions de la informaci\u00f3 continguda a la seva Web oa la seva configuraci\u00f3 i presentaci\u00f3. Aix\u00ed mateix, es reserva el dret a suspendre temporalment, i sense que sigui necessari av\u00eds previ, l&#8217;accessibilitat a la Web per raons d&#8217;una eventual necessitat i per efectuar operacions de manteniment, reparaci\u00f3 o millora.<\/span><\/p><p><span style=\"font-weight: 400;\">alats es reserva el dret a incloure o retirar totalment o parcialment de la web, qualsevol informaci\u00f3 a la seva discreci\u00f3 exclusiva.<\/span><\/p><p><span style=\"font-weight: 400;\">Llei aplicable i jurisdicci\u00f3<\/span><\/p><p><span style=\"font-weight: 400;\">Per totes aquelles q\u00fcestions que puguin sorgir amb motiu d&#8217;interpretaci\u00f3, execuci\u00f3 o eventual incompliment de les presents condicions d&#8217;utilitzaci\u00f3, els usuaris, amb ren\u00fancia a la pr\u00f2pia jurisdicci\u00f3, i amb independ\u00e8ncia del lloc on sorgeixi qualsevol disputa, se sotmetran expressament a la compet\u00e8ncia i jurisdicci\u00f3 dels jutjats i tribunals de Vilafranca del Pened\u00e8s (Barcelona).<\/span><\/p><p><span style=\"font-weight: 400;\">Aquestes condicions es regeixen, en qualsevol cas, per la legislaci\u00f3 espanyola.<\/span><\/p><p><span style=\"font-weight: 400;\">ALATS, Tots els drets reservats.<\/span><\/p>\t\t\t\t\t\t<\/div>\n\t\t\t\t<\/div>\n\t\t\t\t<\/div>\n\t\t\t\t\t<\/div>\n\t\t\t\t<\/div>\n\t\t\t\t\t\t\t<\/div>\n\t\t","protected":false},"excerpt":{"rendered":"<p>Dades identificatives En compliment amb el deure informaci\u00f3 recollit a l&#8217;article 10 de la Llei 34\/2002, d&#8217;11 de juliol, de Serveis de la Societat de la Informaci\u00f3 i del Comer\u00e7 Electr\u00f2nic, a continuaci\u00f3 es faciliten les dades seg\u00fcents: El titular de esta website es Alats Club Esportiu, con domicilio a Crta. Collblanc, 32 4at. 2a.08903 [&hellip;]<\/p>\n","protected":false},"author":1,"featured_media":0,"parent":0,"menu_order":0,"comment_status":"closed","ping_status":"closed","template":"","meta":{"footnotes":""},"class_list":["post-335","page","type-page","status-publish","hentry"],"_links":{"self":[{"href":"https:\/\/alats.eu\/index.php?rest_route=\/wp\/v2\/pages\/335","targetHints":{"allow":["GET"]}}],"collection":[{"href":"https:\/\/alats.eu\/index.php?rest_route=\/wp\/v2\/pages"}],"about":[{"href":"https:\/\/alats.eu\/index.php?rest_route=\/wp\/v2\/types\/page"}],"author":[{"embeddable":true,"href":"https:\/\/alats.eu\/index.php?rest_route=\/wp\/v2\/users\/1"}],"replies":[{"embeddable":true,"href":"https:\/\/alats.eu\/index.php?rest_route=%2Fwp%2Fv2%2Fcomments&post=335"}],"version-history":[{"count":8,"href":"https:\/\/alats.eu\/index.php?rest_route=\/wp\/v2\/pages\/335\/revisions"}],"predecessor-version":[{"id":355,"href":"https:\/\/alats.eu\/index.php?rest_route=\/wp\/v2\/pages\/335\/revisions\/355"}],"wp:attachment":[{"href":"https:\/\/alats.eu\/index.php?rest_route=%2Fwp%2Fv2%2Fmedia&parent=335"}],"curies":[{"name":"wp","href":"https:\/\/api.w.org\/{rel}","templated":true}]}}